
Let w(i) = i**2 + 8*i + 9. Let c be w(-7). Suppose 0*z - c*z = -60. Suppose 8*u - 3*u = z. What is the units digit of u?
6
Let i(z) = z**3 - 2*z**2 - 3. Let q be ((-3)/(-2))/(1/2). Let h be i(q). Suppose 0 = h*d - 2*d - 184. What is the units digit of d?
6
Let h = 25 - 22. Suppose 141 = -6*y + h*y. Let c = -24 - y. What is the tens digit of c?
2
Let p(r) = r**3 - 3*r**2 + r. Let q be p(2). Let i(a) = -10*a + 2*a - a - a - 8*a**3 - 1 + 11*a. What is the tens digit of i(q)?
6
Suppose -4*t = 4, -3*w + 5*t = -8*w + 5540. What is the hundreds digit of w?
1
Let j = -15 - -26. Let k = -9 + j. Suppose -d - k + 15 = 0. What is the units digit of d?
3
Let f be 1/(-3) + 22/(-6). Let k be (-3)/f + (-25)/(-20). Suppose -h - 14 = 3*x, -1 = -k*h + 3*x + 16. What is the units digit of h?
1
Let u(j) = -j**2 - 12*j + 25. Let p be u(-14). What is the tens digit of (p - 2) + 2 + 1*67?
6
Let g = -2 - -3. Let x = 7 - g. Suppose 10*n - 32 = x*n. What is the units digit of n?
8
Let s = 5 + -1. Suppose 0 = h - s - 0. Suppose -b - 71 = -h*o - 4*b, -5*o + 86 = b. What is the tens digit of o?
1
Let z(x) = 4*x + 3*x + 3*x + 4 - 5*x. Let u be z(3). Let r = -4 + u. What is the units digit of r?
5
Let t = -71 - -110. Suppose 0 = j + 5*l - t, -6*j + 3*j = l - 145. What is the units digit of j?
9
Let x(b) = -18*b**3 + 3*b**2 - b + 2. Let y(o) = o**3 - o**2 + o - 1. Let i(z) = x(z) + y(z). What is the units digit of i(-2)?
5
Let t(m) = -m + 19. Let s be t(10). Let b be ((-6)/s)/((-2)/6). Suppose -2*q + 5*v = -87 - 5, -4 = b*v. What is the units digit of q?
1
Suppose 5*z - 6 = i, 0*z - i + 12 = 4*z. Suppose 5*q - z*u = 629, 0 = 4*q - 8*q + 5*u + 510. What is the hundreds digit of q?
1
Let y = 12 - 11. Let s = 2 - y. Let a(m) = -m**2 + 2*m. What is the units digit of a(s)?
1
Let x = -6 + 4. Suppose 5*v + z - 81 = 0, v + 27 = 3*v - 5*z. What is the tens digit of 64/v - 42/x?
2
Let a = -346 + 2506. What is the thousands digit of a?
2
Let c be 1 - (-7)/4 - (-3)/12. What is the units digit of (-2516)/(-51)*(c/2)/1?
4
What is the tens digit of 23896/24 + -5 - 4/6?
9
Suppose -5*f = -4*b + 659, -8*b - f + 319 = -6*b. What is the tens digit of b?
6
Suppose m + 1 = -3*g, -4*m - m - 2*g = -8. What is the hundreds digit of 2 + (-1 + -344)*m/(-6)?
1
Let p = -4 - -7. Suppose 0 = -p*c + 2*c + 30. Let z = 50 - c. What is the tens digit of z?
2
Let u be 20/30 + (-58)/6. What is the units digit of ((-393)/9)/(3/u)?
1
Let l = -16 - -121. Suppose -w + 35 = -3*k, -l - 51 = -4*w - 4*k. Suppose 32 = 5*i - w. What is the tens digit of i?
1
Let w(x) = x**3 - 13*x**2 + 10*x - 31. What is the tens digit of w(17)?
9
Suppose -5*s + 2*v - 3*v + 3550 = 0, v = -s + 714. What is the hundreds digit of s?
7
Let b(g) = -g**3 - 7*g**2 - 2*g - 15. Let h be b(-7). Let r(c) = -84*c - 36*c**3 + 84*c. What is the units digit of r(h)?
6
Let a(k) = 5*k**2 + 1. Suppose -27 = 3*y + 12. Let x = y + 12. What is the units digit of a(x)?
6
Suppose 2*f - 88 = -0*f. Suppose -5*k + 260 = 5*b, -k + f = -2*b + 7*b. What is the units digit of k?
4
Suppose 11*h = 3617 + 24. What is the units digit of h?
1
Suppose -j - 2 + 16 = -2*x, 68 = 4*j - 2*x. Suppose 0*z + j = 2*z. Let y = 15 - z. What is the units digit of y?
6
Suppose 45*f + 11656 = 49*f. What is the hundreds digit of f?
9
Suppose v + 6 + 9 = 0. Let y be (2 - 1) + -24 - (15 + -11). Let w = v - y. What is the tens digit of w?
1
Suppose -4*j + 3 = 67. Let h = j + 17. What is the tens digit of 1/(h/148*4)?
3
Suppose 2*f + 5*q = -402, 5*q + 118 = -f - 73. Let t = f - -422. What is the tens digit of t?
1
Suppose 0*o - 2*o + 8 = 0. Suppose 5*x - 4 = -2*a, 2*a = o*x + 6 - 20. Let f = a - -6. What is the units digit of f?
3
Let m = 2 - -1. Let v be 1*99/(-6 + 3). What is the units digit of -1*((-3)/m + v)?
4
Suppose -2*o = -2 - 12. Suppose -257 = -6*f + o. What is the units digit of f?
4
Suppose -32 = -f - 4*k, 0*f = -2*f + 3*k + 31. Suppose -f*t = -18*t - 144. What is the tens digit of t?
7
Let t(a) = a**3 - 4*a**2 + 2*a + 6. Let b be t(5). Let z = 18 + -15. Suppose -10 = -z*s + b. What is the tens digit of s?
1
Suppose -12 + 4 = -2*j. Suppose 6*o - 5*p = o + 590, j*o - 484 = -2*p. What is the tens digit of o?
2
Let x(s) = -20*s + 685. What is the units digit of x(0)?
5
Let x = 87 + 344. What is the tens digit of x?
3
Let t be (2 - 1)/(2/6). Suppose w + t*w - 220 = 0. What is the units digit of w?
5
Suppose 4*a + 5*w - 19 = -0*w, -4*w + 14 = 3*a. What is the units digit of 2057/33 - 2/a?
2
Let x(c) = -518*c + 124. What is the hundreds digit of x(-5)?
7
Let o(j) = j**2 + 3*j - 8. Suppose -2*v - 8*v - 100 = 0. What is the tens digit of o(v)?
6
Let s(x) = 4*x**2 + 4*x - 6. Let a be s(-5). Suppose 5*v + 37 = 3*o - 30, 2*o + 4*v - a = 0. What is the tens digit of o?
2
Suppose 7*d - 808 = 5*d - j, -4*d - 5*j + 1616 = 0. What is the tens digit of d?
0
Let a(y) = -6*y**3 - y**2 + 3*y + 48. What is the hundreds digit of a(-6)?
2
Let c be 4 - (0 - -3)*-8. What is the tens digit of (-3 - (-699)/21) + (-8)/c?
3
Let f = 583 + -164. What is the tens digit of f?
1
Let h = -75 + 73. What is the tens digit of 164 + -1 + h - (-14 + 12)?
6
Suppose 4*h = 13*h - 2961. What is the tens digit of h?
2
Let p be (3 + -1)*-1 - -56. Suppose -39*l + 60 = -41*l. Let x = l + p. What is the tens digit of x?
2
Suppose 4368 = 65*j - 51*j. What is the tens digit of j?
1
Suppose 12*l = 17*l + 4*j - 3003, 0 = -2*l + 5*j + 1188. What is the hundreds digit of l?
5
Suppose 0 = 4*y - 0*y - 8. Let z(c) be the first derivative of c**4/4 - c**3/3 + 2*c**2 - 3*c - 3. What is the units digit of z(y)?
9
Suppose 3*j + p - 125 = 0, 2*j - 76 = 4*p - p. What is the units digit of ((-2)/2 + 2)*j?
1
Let z be (26/13)/(2/16). Let t = z + -11. Suppose -t*u + 35 = -40. What is the tens digit of u?
1
Let a be 4/(-3)*(-9)/(-6). Let s be 26/10 - a/5. Suppose -f = s*f - 116. What is the tens digit of f?
2
Let a = 53 + -44. What is the units digit of a/(6/40*2)?
0
Let y(d) = -71*d - 126. What is the tens digit of y(-27)?
9
Let i be (-2 - 1) + 0/1. Let d = 0 + i. Let h = d - -43. What is the tens digit of h?
4
Let f(i) = -7*i + 11. Let n = -17 + 11. What is the units digit of f(n)?
3
Suppose -4*w = -g - 13 - 12, -2*g + 5*w - 56 = 0. What is the tens digit of (-2)/11 + (-996)/g?
3
Suppose -p = 2*y - 13, 0*p + 5*y = -2*p + 29. Suppose -37 = -p*x + 96. What is the tens digit of x?
1
Let w(y) = 166*y**2 - 2*y - 8. What is the units digit of w(3)?
0
Suppose 0 = -7*a + 6795 + 5280. What is the hundreds digit of a?
7
Let g be 6/12 - (-293)/2. Suppose -2*b = 3*b - 2*i - 324, -2*b = 5*i - g. What is the units digit of b/2 - (-2 + 3)?
2
Suppose 0 = 6*k - 139 - 263. Suppose 295 = 4*f + k. What is the units digit of f?
7
Suppose 2450 = -11*k + 15*k - q, 4*k + 5*q = 2462. What is the tens digit of k?
1
Suppose -x - 5*h = -523, -8*x + 1086 = -6*x + 2*h. Suppose 4*k = 2*s + x, -3*k - s = -0*s - 406. What is the hundreds digit of k?
1
Let d(o) = -o**3 + 2*o**2 + 2*o - 2. Let x be d(2). Suppose x*z - 7*z = -2*u + 439, -u + z + 212 = 0. What is the hundreds digit of u?
2
Suppose 4*j = -h - 21, 5*h - 2*h + 4*j = -23. Let i be -3*(1 - 0)*h. Suppose 0 = -4*c - i*l + l + 18, -5*l + 23 = -c. What is the units digit of c?
2
Suppose 0 = 709*o - 688*o - 40866. What is the thousands digit of o?
1
Suppose 2 = -2*n + 10. Suppose 4*f + 1024 = -0*p + 4*p, 2*p = n*f + 514. What is the tens digit of p?
5
Let p(q) = q**2 + q - 2. Let i be p(-3). Suppose 0 = -i*w + 4*j + 60, -3*w + 0*j = 3*j - 15. Suppose w*c = 7*c + 27. What is the units digit of c?
9
Let r = -54 - 27. Let v = 9 - r. What is the units digit of v?
0
Let t(u) = u**2 - 1. Let v be t(0). Let h = 0 + -2. What is the tens digit of (v/h)/((-2)/(-140))?
3
Suppose -b - 2*g = -5*g - 81, -2*b + 142 = 4*g. Suppose -s - w = -6*s + 55, -5*w = -5*s + b. What is the tens digit of s?
1
Suppose -3*u + 3 = -2*u, 5*o - 2*u - 44 = 0. What is the units digit of (224 - o)*3/(-9)*-3?
4
What is the units digit of 71*58 - (-728)/91?
6
Suppose 21*k - 11970 = 2*k. What is the units digit of k?
0
Let l(x) = 3*x**2 + 7*x + 6. Suppose 8 = -2*s + 2*d - 3*d, 4*d = -2*s + 4. Let c be 65/(-15) + (-2)/s. What is the units digit of l(c)?
6
Let x = -9 + 9. Let v(c) = -c**2 + 16. Let o be v(x). Suppose y = -t + 5, -3*t + o = -0*t + 2*y. What is